5?
-866a
In base 4, what is -110 - 132000?
-132110
In base 16, what is -94ae + 2?
-94ac
In base 13, what is 0 - 4a97?
-4a97
In base 13, what is 16a5 - 17?
168b
In base 12, what is 0 + -423b7?
-423b7
In base 14, what is -6a + -13848?
-138b4
In base 16, what is 539 - 369?
1d0
In base 7, what is -16 - 63622?
-63641
In base 15, what is -1 - 1a2b?
-1a2c
In base 8, what is -5763 - -2?
-5761
In base 2, what is -1100010011011 + 10?
-1100010011001
In base 8, what is 3136 - 4?
3132
In base 9, what is -4383 + 34?
-4348
In base 2, what is -110010011111111100 + 10?
-110010011111111010
In base 11, what is 0 + -3089?
-3089
In base 13, what is 5 - -170149?
170151
In base 9, what is 24000 + -2?
23887
In base 4, what is -13102132320 + 2?
-13102132312
In base 14, what is -1 - 173a47?
-173a48
In base 5, what is 21340 - 111?
21224
In base 3, what is -101111222 + -101002?
-101220001
In base 9, what is 1008847 - -2?
1008850
In base 5, what is -1433334 + 4?
-1433330
In base 2, what is 11 - -101011110011011?
101011110011110
In base 4, what is 32 + -12113?
-12021
In base 16, what is -3214b - 2?
-3214d
In base 3, what is -21 + -1202120002112?
-1202120002210
In base 8, what is 40421 - -15?
40436
In base 3, what is 0 + 112211102?
112211102
In base 5, what is -131024 + -43?
-131122
In base 9, what is -41145 - -1?
-41144
In base 6, what is 32445 - -15?
32504
In base 2, what is 111110011110110111100 - -10?
111110011110110111110
In base 6, what is -254441 + -4?
-254445
In base 2, what is 1 - -100110111001?
100110111010
In base 6, what is -142110212 + 1?
-142110211
In base 2, what is 101 + 100110111100101010?
100110111100101111
In base 6, what is 1131100 + 4?
1131104
In base 8, what is 2654 + -335?
2317
In base 15, what is 1eab81 + -5?
1eab7b
In base 16, what is -3c21 + 4?
-3c1d
In base 2, what is -11011100110101 + -1111011?
-11011110110000
In base 14, what is -14 - -12?
-2
In base 14, what is -19 + 4111?
40d6
In base 5, what is -21242 - 324?
-22121
In base 2, what is 1000100110101100 - 1001001?
1000100101100011
In base 15, what is 103 - 1e8?
-e5
In base 11, what is -1a6 + 500?
305
In base 16, what is e06 - -11?
e17
In base 15, what is -45 + 6112?
60bc
In base 9, what is 45 + 63201?
63246
In base 3, what is -1212101111 + -2?
-1212101120
In base 4, what is -22311000 - 10?
-22311010
In base 8, what is 13 + 66064?
66077
In base 6, what is -30 + -33333?
-33403
In base 11, what is 1 - -17a3?
17a4
In base 4, what is -11 - 1221113?
-1221130
In base 11, what is -5811 + -65?
-5876
In base 16, what is -34 - -1306?
12d2
In base 3, what is 2002011021 - 20?
2002011001
In base 10, what is 470 + 641?
1111
In base 14, what is 123bb - 4?
123b7
In base 11, what is -30 + 1248?
1218
In base 12, what is -4 - -7305b?
73057
In base 15, what is 1b + 55213?
5522e
In base 12, what is -8514 - -40?
-8494
In base 5, what is -32042 + -10?
-32102
In base 10, what is -1431 + -76?
-1507
In base 4, what is 1121 - 113131?
-112010
In base 13, what is 0 - 84bc?
-84bc
In base 13, what is 2 - 34?
-32
In base 6, what is -315113 - 231?
-315344
In base 13, what is 194 - -373?
537
In base 14, what is 6 - -5986?
598c
In base 15, what is 2a7a5 - d?
2a797
In base 7, what is -132616 + 10?
-132606
In base 13, what is -1 + -289c5?
-289c6
In base 14, what is -29739 - -28?
-29711
In base 7, what is -15 - 1150666?
-1151014
In base 11, what is -459 + 1409?
a60
In base 3, what is -11 + 2121020010?
2121012222
In base 15, what is 1 - -921e?
9220
In base 3, what is -1001212221 - 22?
-1001220020
In base 15, what is -1a34 - -20?
-1a14
In base 6, what is 1 - 35200?
-35155
In base 13, what is -168 + -11aa?
-1345
In base 5, what is -243 + -1124142?
-1124440
In base 5, what is 131010032 + -12?
131010020
In base 14, what is 1d46 - 25?
1d21
In base 6, what is -105343 + -30?
-105413
In base 14, what is -241478 + 2?
-241476
In base 12, what is -1316399 - -2?
-1316397
In base 11, what is -7155 + 6?
-714a
In base 4, what is 10211320122 - -3?
10211320131
In base 14, what is -68 + 8d?
25
In base 10, what is 3 + -11183?
-11180
In base 15, what is -2559 + -3?
-255c
In base 3, what is -11220 - 210211?
-222201
In base 6, what is -11411240 - 5?
-11411245
In base 9, what is -1 + 12106?
12105
In base 6, what is 20 - -25435?
25455
In base 3, what is -101101101121210 + 0?
-101101101121210
In base 16, what is 0 - -45d1?
45d1
In base 15, what is -d - -6773?
6765
In base 3, what is -10201101222 + 11?
-10201101211
In base 3, what is -2 - -10012021110?
10012021101
In base 13, what is 12 - 31c2?
-31b0
In base 2, what is 1000000100100 + -1100111000?
110011101100
In base 15, what is d + -1579?
-156b
In base 15, what is d + 511?
51e
In base 12, what is 40 - -146b?
14ab
In base 9, what is 6433 - 12?
6421
In base 14, what is 170 - -60?
1d0
In base 14, what is 51 - 4c66?
-4c15
In base 7, what is 420 - 243?
144
In base 9, what is -16685 + 0?
-16685
In base 12, what is -6612 - -2?
-6610
In base 14, what is 27c29 + -30?
27bd9
In base 10, what is 110 - 1296?
-1186
In base 6, what is 113 + -13043?
-12530
In base 13, what is 39a28 - 10?
39a18
In base 6, what is 103 + 205115?
205222
In base 14, what is c - -462?
470
In base 12, what is b696 + 1?
b697
In base 12, what is 48 + -17720?
-17694
In base 11, what is -14 - -533a?
5326
In base 7, what is 4 + -2130?
-2123
In base 12, what is -5 - 1b065?
-1b06a
In base 5, what is -1402 - 10133?
-12040
In base 9, what is -20364 + 7?
-20356
In base 11, what is 0 - 37171?
-37171
In base 11, what is 30a0 - 1a?
3081
In base 13, what is 12 - 3896b?
-38959
In base 11, what is -417 + 101?
-316
In base 7, what is -2233 - -306?
-1624
In base 9, what is -4 - -2731?
2726
In base 3, what is -2 + -202110?
-202112
In base 11, what is 4 - 5a605?
-5a601
In base 10, what is -3308 + 68?
-3240
In base 3, what is -22221010 + 102202?
-22111101
In base 16, what is 43a - -b?
445
In base 11, what is 42 - 418?
-386
In base 3, what is 12100 + 200220?
220020
In base 7, what is 2 - 241010?
-241005
In base 8, what is -35 + -1362?
-1417
In base 12, what is -3 - -928b?
9288
In base 16, what is -9 + -16a1?
-16aa
In base 15, what is 4 + 11b20?
11b24
In base 12, what is -4 - -3241?
3239
In base 4, what is 1 - -10233331?
10233332
In base 6, what is -2330 + 0?
-2330
In base 11, what is -2 + 5325?
5323
In base 15, what is 2b50d - -8?
2b516
In base 14, what is 2 + 1ca4?
1ca6
In base 14, what is -2a - 89c?
-8c8
In base 3, what is 122201 - -11200?
211101
In base 4, what is 11102010 - 10210?
11031200
In base 14, what is -6 - -7c30?
7c28
In base 13, what is 763 - -7?
76a
In base 12, what is 76b - 19?
752
In base 15, what is 3 + -33d05?
-33d02
In base 13, what is -2c30c - 10?
-2c31c
In base 11, what is -3 + -9aa?
-a02
In base 11, what is -49094 - -6?
-49089
In base 3, what is -1001110100 + -21?
-1001110121
In base 15, what is -481 - -34?
-44c
In base 16, what is 1281f - 2?
1281d
In base 6, what is -332111 + -1?
-332112
In base 11, what is -784044 - 3?
-784047
In base 9, what is 13432856 - -5?
13432862
In base 15, what is -186 - 1a2d?
-1bb4
In base 10, what is 5 - 12238?
-12233
In base 7, what is 216612 - -35?
216650
In base 16, what is 2 - -3b80?
3b82
In base 10, what is 2 + 18801?
18803
In base 14, what is -214 + -39?
-24d
In base 15, what is -19102 - -3?
-190ee
In base 2, what is -1111 + 111100110011?
111100100100
In base 9, what is 1120054 - 1?
1120053
In base 2, what is -1 + 11100010111111110100?
11100010111111110011
In base 9, what is 2261 + 277?
2548
In base 14, what is 1 - 16a93?
-16a92
In base 7, what is -104143 + -4?
-104150
In base 16, what is 274da6 + -4?
274da2
In base 13, what is -14 - -2787?
2773
In base 9, what is -55 + 6740?
6674
In base 13, what is -1296 + -9?
-12a2
In base 2, what is 101010111001101000101 - -101?
101010111001101001010
In base 7, what is -16 + -4113?
-4132
In base 14, what is -d242 + 5?
-d23b
In base 8, what is 166104 - 3?
166101
In base 9, what is 30724 + 7?
30732
In base 9, what is -7 - 858?
-866
In base 10, what is -2780 - -10?
-2770
In base 7, what is 2435 + 15642?
21410
In base 2, what is 110101100111 - 1110?
110101011001
In base 12, what is 3059 - -7?
3064
In base 3, what is 222 - -2002?
10001
In base 2, what is -10111110011011 - 110?
-10111110100001
In base 9, what is 1116 - -76?
1203
In base 7, what is -1143646 + 4?
-1143642
In bas